-11?
20202
In base 15, what is 12 - 5?
c
In base 16, what is -76 + -3?
-79
In base 4, what is 22 - 3?
13
In base 9, what is -186 + 3?
-183
In base 10, what is -3 + -4840?
-4843
In base 6, what is -10 - -122?
112
In base 5, what is -424 + 2?
-422
In base 8, what is -314 + -113?
-427
In base 2, what is 0 + -101011?
-101011
In base 6, what is 12 - 153?
-141
In base 16, what is -abe + 3?
-abb
In base 2, what is -101 + -101111?
-110100
In base 14, what is 18 - d?
9
In base 16, what is -24 + 22?
-2
In base 4, what is -2 - 300?
-302
In base 9, what is -8 - -65?
56
In base 5, what is 200 + -3?
142
In base 8, what is -32 - 35?
-67
In base 4, what is -1203 - -113?
-1030
In base 2, what is 10000000 + -101?
1111011
In base 16, what is 5b5d - 5?
5b58
In base 15, what is 725 - -3?
728
In base 10, what is 1656 - 0?
1656
In base 2, what is 11 - 11001000?
-11000101
In base 5, what is 4 - -421?
430
In base 15, what is 4 - -c?
11
In base 4, what is 3023 + -10?
3013
In base 15, what is 15 - -3?
18
In base 13, what is -3a - -2?
-38
In base 14, what is 25a - -2?
25c
In base 15, what is -1 + 30?
2e
In base 8, what is -361 - 4?
-365
In base 13, what is 7 + -1b?
-14
In base 9, what is -20 + -6?
-26
In base 6, what is -1403 + 2?
-1401
In base 8, what is 12 + -5?
5
In base 16, what is d + -ed?
-e0
In base 3, what is -11 - -10212?
10201
In base 15, what is 16b4 + 4?
16b8
In base 5, what is 341421 + -2?
341414
In base 2, what is -101100 - -11111100?
11010000
In base 10, what is -2750 - 5?
-2755
In base 12, what is 5 - 54?
-4b
In base 3, what is 12 + 200002?
200021
In base 4, what is -31 - 1003?
-1100
In base 13, what is 89 - -3b?
c7
In base 9, what is -310 + 6?
-303
In base 2, what is -1001 - 100101?
-101110
In base 4, what is 12 + -122?
-110
In base 8, what is -2 - -1530?
1526
In base 6, what is -14 + 12?
-2
In base 6, what is 114 + -311?
-153
In base 9, what is 3 + 4870?
4873
In base 10, what is 1 + 1822?
1823
In base 8, what is -25 - 17?
-44
In base 11, what is 7 - -45?
51
In base 2, what is 1001110 + -10110?
111000
In base 14, what is 2 - 126?
-124
In base 14, what is -5 - -2?
-3
In base 10, what is -1845 + 4?
-1841
In base 16, what is 25 - -4?
29
In base 6, what is 2454 + -4?
2450
In base 2, what is -1000011011 - 1101?
-1000101000
In base 6, what is -2 - -140?
134
In base 2, what is 1010101001100 + -11?
1010101001001
In base 5, what is -210 + 302?
42
In base 3, what is 11010 + 111?
11121
In base 16, what is 24f + 1?
250
In base 16, what is -186 + 1?
-185
In base 4, what is 20 + 22?
102
In base 13, what is 0 + 1986?
1986
In base 10, what is 39 - -4?
43
In base 7, what is 2 - -15?
20
In base 11, what is 5 + -69?
-64
In base 8, what is 0 + 13?
13
In base 10, what is -7 - 30?
-37
In base 15, what is c62 - -3?
c65
In base 16, what is 3 + 15?
18
In base 16, what is -8 + -5fa?
-602
In base 7, what is 41 + 5?
46
In base 5, what is 10 + -1423?
-1413
In base 10, what is 0 + 7?
7
In base 14, what is -4 + 6cd?
6c9
In base 9, what is 5 - -185?
201
In base 4, what is 0 - -110?
110
In base 14, what is 17 - -1c?
35
In base 8, what is -5 - -16?
11
In base 7, what is 3 + 163?
166
In base 13, what is 48 - -1b?
66
In base 7, what is -1050 + -4?
-1054
In base 6, what is 12 - 11?
1
In base 16, what is -2 - -24?
22
In base 8, what is 12 + 17?
31
In base 15, what is 63 - -7?
6a
In base 11, what is 450 + 17?
467
In base 15, what is -45e - -9?
-455
In base 4, what is -13311 - 33?
-20010
In base 16, what is -136 - 0?
-136
In base 11, what is 3 - 0?
3
In base 9, what is 233 - -5?
238
In base 10, what is 169 + -4?
165
In base 11, what is 577 - -3?
57a
In base 14, what is d2 - -17?
109
In base 3, what is 1002210 - 11?
1002122
In base 16, what is 14f + -4?
14b
In base 13, what is ac - 6?
a6
In base 9, what is -5 - 2002?
-2007
In base 5, what is 3 + 4414?
4422
In base 4, what is 32022 - 0?
32022
In base 11, what is 0 + -101?
-101
In base 15, what is 17 - 0?
17
In base 6, what is 1044 - 0?
1044
In base 3, what is 1 + -120?
-112
In base 14, what is a - 81?
-75
In base 15, what is -1 - 7?
-8
In base 15, what is 149c - 5?
1497
In base 3, what is 12 - 102000?
-101211
In base 9, what is -77 - 0?
-77
In base 9, what is -282 + 2?
-280
In base 9, what is -47 + -6?
-54
In base 2, what is 100 - -1111011000?
1111011100
In base 4, what is 0 - -32?
32
In base 10, what is 5 - 54?
-49
In base 2, what is -1100 + -111011?
-1000111
In base 13, what is -91 - -6?
-88
In base 2, what is -1 - -100010110?
100010101
In base 16, what is 53 - -3f?
92
In base 10, what is -2 + 3765?
3763
In base 12, what is -128 + 2?
-126
In base 5, what is -1304 - -3?
-1301
In base 6, what is 155 - 20?
135
In base 14, what is 8 + a1?
a9
In base 9, what is -3 - 1838?
-1842
In base 9, what is 3 - 305?
-302
In base 11, what is 9 - 155?
-147
In base 9, what is -5 + 2071?
2065
In base 2, what is -10000 - -10001?
1
In base 2, what is -101110 + -10?
-110000
In base 14, what is 3 + -264?
-261
In base 8, what is 4 - -14?
20
In base 8, what is -1321 + 4?
-1315
In base 5, what is 2020 - 11?
2004
In base 9, what is 3 + -2387?
-2384
In base 7, what is 0 + -4110?
-4110
In base 11, what is 14 + 10?
24
In base 9, what is -4 + 143?
138
In base 9, what is -1 + -11?
-12
In base 15, what is 2e1 + 4?
2e5
In base 8, what is -164 + -1?
-165
In base 8, what is -4 + 11245?
11241
In base 3, what is 11 - -102?
120
In base 3, what is 22 + 22?
121
In base 12, what is -73 + -1?
-74
In base 15, what is -1c9a - 4?
-1c9e
In base 7, what is 13 - 4?
6
In base 10, what is -3736 + 8?
-3728
In base 3, what is -100 - -1000?
200
In base 14, what is -13 - 3bc?
-3d1
In base 10, what is 641 - -2?
643
In base 10, what is -23 - 6?
-29
In base 8, what is -7 + -31?
-40
In base 3, what is -1021 + 11010?
2212
In base 13, what is 10b6a - -2?
10b6c
In base 11, what is -1 + 1783?
1782
In base 8, what is -4 + -343?
-347
In base 16, what is 3af + -5?
3aa
In base 14, what is -2604 - -5?
-25dd
In base 4, what is 122 + -2?
120
In base 15, what is 21 - -56?
77
In base 15, what is 4a68 - -4?
4a6c
In base 4, what is -13300 + 1?
-13233
In base 5, what is -11204 + 0?
-11204
In base 10, what is -94 - -2?
-92
In base 7, what is 0 - 321?
-321
In base 7, what is -6156 - -5?
-6151
In base 4, what is 2 + -12303?
-12301
In base 10, what is -3 + 825?
822
In base 10, what is 8 - 12?
-4
In base 2, what is 101000 - -1101011100?
1110000100
In base 8, what is 7634 + 1?
7635
In base 8, what is -24 - 41?
-65
In base 8, what is -134 + -1?
-135
In base 6, what is 1 - -12401?
12402
In base 9, what is -240 + 2?
-237
In base 16, what is 159 - -4?
15d
In base 3, what is -22112 + 1?
-22111
In base 9, what is 0 + -1560?
-1560
In base 8, what is -1 + -102?
-103
In base 12, what is 49 - -1?
4a
In base 6, what is 2 + -30?
-24
In base 10, what is -201 + -4?
-205
In base 11, what is 4 + 294?
298
In base 13, what is -cb + 3?
-c8
In base 12, what is -a18 - 7?
-a23
In base 2, what is -1010010110 + 0?
-1010010110
In base 4, what is 100023 - 3?
100020
In base 11, what is -128 + 5?
-123
In base 14, what is -4 - -51?
4b
In base 4, what is -3 + 1312?
1303
In base 4, what is -1001 + 1100?
33
In base 8, what is -2 - 13055?
-13057
In base 6, what is -122 + 1?
-121
In base 3, what is -12 - -100210?
100121
In base 16, what is 0 - 21?
-21
In base 5, what is 1424 + -12?
1412
In base 13, what is 202 - -5?
207
In base 9, what is -7 + -54?
-62
In base 6, what is 4 + 2122?
2130
In base 11, what is -1 + 663?
662
In base 5, what is 11 - 4332?
-4321
In base 2, what is 10 + -101100?
-101010
In base 16, what is 2 - -280?
282
In base 6, what is 23 - -312?
335
In base 10, what is 394 + -2?
392
In base 6, what is -1 + 323?
322
In base 9, what is 126 + 20?
146
In base 5, what is 11011 - 20?
10441
In base 2, what is -1101111 - -1101?
-1100010
In base 3, what is 1011111 + -11?
1011100
In base 4, what is -110 - 2030?
-2200
In base 11, what is -5 - 839?
-843
In base 10, what is -463 + 6?
-457
In base 8, what is 5 - 71?
-64
In base 7, what is 0 + -43?
-43
In base 8, what is 1 - 120?
-117
In base 12, what is 3 + -8a?
-87
In base 13, what is -1 - 1191?
-1192
In base 7, what is -30 - -34?
4
In base 15, what is -2d - -1da?
1ac
In base 5, what is -2204 + -2?
-2211
In base 4, what is -33 - -11322?
11223
In base 2, what is 100001 + -10110?
1011
In base 13, what is 